{"id":439,"date":"2013-10-30T09:38:33","date_gmt":"2013-10-30T08:38:33","guid":{"rendered":"http:\/\/lindhult.allweb.se\/?page_id=439"},"modified":"2024-05-20T16:08:48","modified_gmt":"2024-05-20T14:08:48","slug":"medlemsansokan","status":"publish","type":"page","link":"https:\/\/lindhult.allweb.se\/?page_id=439","title":{"rendered":"Medlemsans\u00f6kan\/\u00f6verl\u00e5telse"},"content":{"rendered":"<h3><a href=\"http:\/\/lindhult.allweb.se\/wp-content\/uploads\/2024\/05\/Medlemsansokan-for-ny-fastighet.pdf\">Medlemsans\u00f6kan f\u00f6r ny fastighet<\/a><\/h3>\n<h3><a href=\"http:\/\/lindhult.allweb.se\/wp-content\/uploads\/2021\/09\/Medlemsansokan-efter-overlatelse.pdf\">Medlemsans\u00f6kan efter \u00f6verl\u00e5telse<\/a><\/h3>\n<h3><a href=\"http:\/\/lindhult.allweb.se\/wp-content\/uploads\/2023\/08\/Overlatelseavtal_mall-2023.pdf\">\u00d6verl\u00e5telseavtal<\/a><\/h3>\n\n\n<p><\/p>\n","protected":false},"excerpt":{"rendered":"<p>Medlemsans\u00f6kan f\u00f6r ny fastighet Medlemsans\u00f6kan efter \u00f6verl\u00e5telse \u00d6verl\u00e5telseavtal<\/p>\n","protected":false},"author":1,"featured_media":0,"parent":0,"menu_order":6,"comment_status":"open","ping_status":"open","template":"","meta":{"jetpack_post_was_ever_published":false,"footnotes":""},"class_list":["post-439","page","type-page","status-publish","hentry","nodate","item-wrap"],"aioseo_notices":[],"jetpack_shortlink":"https:\/\/wp.me\/P3w6L3-75","jetpack_sharing_enabled":true,"_links":{"self":[{"href":"https:\/\/lindhult.allweb.se\/index.php?rest_route=\/wp\/v2\/pages\/439","targetHints":{"allow":["GET"]}}],"collection":[{"href":"https:\/\/lindhult.allweb.se\/index.php?rest_route=\/wp\/v2\/pages"}],"about":[{"href":"https:\/\/lindhult.allweb.se\/index.php?rest_route=\/wp\/v2\/types\/page"}],"author":[{"embeddable":true,"href":"https:\/\/lindhult.allweb.se\/index.php?rest_route=\/wp\/v2\/users\/1"}],"replies":[{"embeddable":true,"href":"https:\/\/lindhult.allweb.se\/index.php?rest_route=%2Fwp%2Fv2%2Fcomments&post=439"}],"version-history":[{"count":34,"href":"https:\/\/lindhult.allweb.se\/index.php?rest_route=\/wp\/v2\/pages\/439\/revisions"}],"predecessor-version":[{"id":1390,"href":"https:\/\/lindhult.allweb.se\/index.php?rest_route=\/wp\/v2\/pages\/439\/revisions\/1390"}],"wp:attachment":[{"href":"https:\/\/lindhult.allweb.se\/index.php?rest_route=%2Fwp%2Fv2%2Fmedia&parent=439"}],"curies":[{"name":"wp","href":"https:\/\/api.w.org\/{rel}","templated":true}]}}